{"id":40,"date":"2024-08-28T15:18:07","date_gmt":"2024-08-28T13:18:07","guid":{"rendered":"https:\/\/pfoetchencoach.de\/?page_id=40"},"modified":"2025-05-01T22:49:30","modified_gmt":"2025-05-01T20:49:30","slug":"agb","status":"publish","type":"page","link":"https:\/\/pfoetchencoach.de\/index.php\/agb\/","title":{"rendered":"AGB"},"content":{"rendered":"\t\t<div data-elementor-type=\"wp-page\" data-elementor-id=\"40\" class=\"elementor elementor-40\">\n\t\t\t\t<div class=\"elementor-element elementor-element-9cb6b0b e-flex e-con-boxed e-con e-parent\" data-id=\"9cb6b0b\" data-element_type=\"container\" data-e-type=\"container\">\n\t\t\t\t\t<div class=\"e-con-inner\">\n\t\t\t\t<div class=\"elementor-element elementor-element-a4bcd26 elementor-widget elementor-widget-spacer\" data-id=\"a4bcd26\" data-element_type=\"widget\" data-e-type=\"widget\" data-widget_type=\"spacer.default\">\n\t\t\t\t<div class=\"elementor-widget-container\">\n\t\t\t\t\t\t\t<div class=\"elementor-spacer\">\n\t\t\t<div class=\"elementor-spacer-inner\"><\/div>\n\t\t<\/div>\n\t\t\t\t\t\t<\/div>\n\t\t\t\t<\/div>\n\t\t\t\t<div class=\"elementor-element elementor-element-6a9e703 elementor-widget elementor-widget-heading\" data-id=\"6a9e703\" data-element_type=\"widget\" data-e-type=\"widget\" data-widget_type=\"heading.default\">\n\t\t\t\t<div class=\"elementor-widget-container\">\n\t\t\t\t\t<h1 class=\"elementor-heading-title elementor-size-default\">Allgemeine Gesch\u00e4ftsbedingungen<\/h1>\t\t\t\t<\/div>\n\t\t\t\t<\/div>\n\t\t\t\t<div class=\"elementor-element elementor-element-289a013 elementor-widget elementor-widget-spacer\" data-id=\"289a013\" data-element_type=\"widget\" data-e-type=\"widget\" data-widget_type=\"spacer.default\">\n\t\t\t\t<div class=\"elementor-widget-container\">\n\t\t\t\t\t\t\t<div class=\"elementor-spacer\">\n\t\t\t<div class=\"elementor-spacer-inner\"><\/div>\n\t\t<\/div>\n\t\t\t\t\t\t<\/div>\n\t\t\t\t<\/div>\n\t\t\t\t\t<\/div>\n\t\t\t\t<\/div>\n\t\t<div class=\"elementor-element elementor-element-d1fc8ac e-flex e-con-boxed e-con e-parent\" data-id=\"d1fc8ac\" data-element_type=\"container\" data-e-type=\"container\">\n\t\t\t\t\t<div class=\"e-con-inner\">\n\t\t\t\t<div class=\"elementor-element elementor-element-c16a3eb elementor-widget elementor-widget-text-editor\" data-id=\"c16a3eb\" data-element_type=\"widget\" data-e-type=\"widget\" data-widget_type=\"text-editor.default\">\n\t\t\t\t<div class=\"elementor-widget-container\">\n\t\t\t\t\t\t\t\t\t<p class=\"p1\"><b>Diese Allgemeinen Gesch\u00e4ftsbedingungen regeln die Gesch\u00e4ftsbeziehung zwischen Pf\u00f6tchencoach, Inhaberin Laura Fiegler, Ort in 94078 Freyung und der Kund:in, die bei Pf\u00f6tchencoach Beratung, Training oder weitere Dienstleistungen in Anspruch nimmt (im Folgenden: Kunde)<br \/><\/b><\/p><p class=\"p1\"><b>\u00a71: Vertragsinhalt:<\/b><br \/>Bei dem zwischen Pf\u00f6tchencoach und Kunde abgeschlossenen Vertrag handelt es sich um einen Dienstleistungsvertrag mit dem Ziel, dem Kunden bestimmte Inhalte zu vermitteln.\u00a0<br \/>Mit der Teilnahme an den Angeboten von Pf\u00f6tchencoach erkennt der Kunde die AGB vollst\u00e4ndig an. Der Kunde erkl\u00e4rt, die AGB gelesen, verstanden und akzeptiert zu haben.<\/p><p class=\"p1\">Eine Anmeldung, bzw. m\u00fcndliche Zusage zu Terminen ist verbindlich.<\/p><p class=\"p1\"><b>\u00a72 Vertragsabschluss:<\/b><br \/>Ein Vertrag mit Pf\u00f6tchencoach kommt durch \u00dcbermittlung des vom Auftraggeber unterzeichneten Vertrages per Post, E-Mail oder pers\u00f6nlich zu Stande.<\/p><p class=\"p1\"><b>\u00a73 Mitwirkungspflicht der Teilnehmer:<\/b><br \/>Jeder Teilnehmer ist verpflichtet, den Anweisungen der Trainerin Folge zu leisten und somit am Trainingsziel mitzuwirken. Pf\u00f6tchencoach \u00fcbernimmt keine Erfolgsgarantie. Die Tiertrainerin leitet lediglich an. Der Erfolg ist ma\u00dfgeblich von der Mitarbeit und Umsetzung des Kunden abh\u00e4ngig. Der Kunde ist dazu verpflichtet, vor dem ersten Training die Trainerin auf stark \u00e4ngstliche, impulsive oder aggressive Verhaltensweisen seiner Katze hinzuweisen.<\/p><p class=\"p1\"><b>\u00a74 Teilnehmerausschluss:<\/b><br \/>Das Unternehmen Pf\u00f6tchencoach beh\u00e4lt sich vor, ohne Einhaltung von Fristen vom Vertrag zur\u00fcckzutreten, wenn der Kunde die Beratung\/Training wiederholt st\u00f6rt, der Kunde im Zahlungsr\u00fcckstand ist, der Kunde gegen das Tierschutzgesetz verst\u00f6\u00dft oder der Kunde sich anderweitig vertragswidrig verh\u00e4lt. Insbesondere, wenn der reibungslose Ablauf einer Veranstaltung oder andere Kunden gef\u00e4hrdet werden. Bereits gezahlte Geb\u00fchren, auch f\u00fcr nicht in Anspruch genommene Stunden, werden nicht erstattet.<\/p><p class=\"p1\"><b>\u00a75 Honorar und Bezahlung:<\/b><br \/>Durch die Vereinbarung zu Beratungs-\/Trainingsterminen verpflichtet sich der Kunde, zur Zahlung die anfallenden Kosten nach Erhalt der Rechnung per \u00dcberweisung zu bezahlen. Der Kunde ist nicht berechtigt, wegen streitiger Gew\u00e4hrleistungsanspr\u00fcche die Geb\u00fchr zu reduzieren, zur\u00fcckzuhalten oder mit nicht anerkannten oder rechtskr\u00e4ftig festgestellten Gegenforderungen aufzurechnen.<\/p><p class=\"p1\"><b>\u00a76 R\u00fccktritt:<\/b><\/p><p class=\"p1\"><b>\u2013 Einfache Einzelstunden:<\/b>\u00a0Eine Absage oder Verschiebung des vereinbarten Einzelunterrichts durch den Kunden ist bis 24 Stunden vorher m\u00f6glich (es z\u00e4hlen nur Werktage). Sie k\u00f6nnen per E-Mail, telefonisch oder WhatsApp absagen. Erfolgt keine oder eine sp\u00e4tere Absage, wird die vereinbarte Beratungs-\/Trainingsstunde berechnet.<br \/>Versp\u00e4tet sich ein Kunde, ist der Trainer nicht verpflichtet die Stunde zu verl\u00e4ngern.<br \/><b>\u2013 Gruppenkurse:<\/b>\u00a0Termine im Anf\u00e4nger-\/Fortgeschrittenenkurs k\u00f6nnen nicht nachgeholt oder zur\u00fcckerstattet werden. Es ist m\u00f6glich, die Trainerin bei einer Absage um eine Aufzeichnung zu bitten, sofern die Gruppenstunde seitens des Kunden mind. 24 Stunden vorher per E-Mail, telefonisch oder WhatsApp abgesagt wird.<br \/>Versp\u00e4tet sich ein Kunde, ist der Trainer nicht verpflichtet die Stunde zu verl\u00e4ngern.<br \/><b>-Workshops, Seminare, Webinare:<\/b><br \/>Nach Anmeldung per E-Mail oder jeglicher Schriftform (Messenger, WhatsApp, etc.) ist die Teilnehmergeb\u00fchr verpflichtend.<br \/>Selbstverst\u00e4ndlich kann eine ad\u00e4quate Ersatzperson genannt werden.<\/p><p>Bei Ausfall des Trainings durch Verschulden von Pf\u00f6tchencoach werden die Stunden zu einem anderem Zeitpunkt nachgeholt. Ein Anspruch auf R\u00fcckerstattung der Geb\u00fchren besteht nicht. Pf\u00f6tchencoach beh\u00e4lt sich vor bei den Ersatzterminen Tage und Uhrzeiten zu verschieben.<br \/>Der Veranstalter hat weiterhin das Recht, vom Vertrag zur\u00fcckzutreten, wenn eine Veranstaltung aufgrund zu geringer Teilnehmerzahl nicht stattfindet oder der Referent\/in zum Veranstaltungstermin verhindert ist. Im Falle, dass kein Ersatztermin gefunden wird, werden die Veranstaltungsgeb\u00fchren zu 100% zur\u00fcckerstattet.<\/p><p class=\"p1\"><b>\u00a77 Haftung:<\/b><\/p><p class=\"p1\">Die Teilnahme an den Beratungs-\/Trainingsangeboten von Pf\u00f6tchencoach erfolgt auf eigenes Risiko. Pf\u00f6tchencoach haftet nicht f\u00fcr eventuelle Sch\u00e4den. Die Trainerin \u00fcbernimmt keine Haftung f\u00fcr Personen-, Sach-, oder Verm\u00f6genssch\u00e4den, die durch die gezeigten \u00dcbungen entstehen, sowie f\u00fcr Sch\u00e4den\/Verletzungen, die durch teilnehmende Tiere entstehen. Alle Begleitpersonen sind durch den Kunden \u00fcber den Haftungsausschluss in Kenntnis zu setzen. Der Kunde haftet f\u00fcr die von sich oder seinen Tieren verursachten Sch\u00e4den. Die Entscheidung, ob der Kunde seine Tiere \u00dcbungen durchf\u00fchren l\u00e4sst, liegt im Ermessen des Kunden und erfolgt auf eigenes Risiko, auch, wenn er auf Veranlassung der Trainerin handelt. Hat der Kunde Bedenken gegen einen geplanten Trainingsschritt, so ist dieses unverz\u00fcglich der Trainerin mitzuteilen. Eltern haften f\u00fcr Ihre Kinder.<\/p><p class=\"p1\"><b>\u00a78 Bild-und Tonmaterial:<\/b><br \/>Dem Kunden ist es nicht gestattet ohne schriftliche Genehmigung von Pf\u00f6tchencoach, w\u00e4hrend des Trainings angefertigte Fotos-, Video- und Tonaufnahmen zu ver\u00f6ffentlichen. Der Kunde erkl\u00e4rt sich aber einverstanden, dass seitens der Trainerin aufgenommene Fotos-, Videos und Tonaufnahmen w\u00e4hrend des Trainings\/Beratung zu Schulungszwecken, Marketingzwecken im Internet oder in Printmedien verwendet werden d\u00fcrfen.<\/p><p class=\"p1\"><b>\u00a79 Gerichtsstand:<\/b><br \/>Der Gerichtsstand ist f\u00fcr alle zivil- und strafrechtlichen Anspr\u00fcche Freyung, f\u00fcr verwaltungsrechtliche Anspr\u00fcche Regensburg.<\/p><p class=\"p1\"><b>\u00a78 Schlussbestimmungen:<\/b><br \/>Sollte ein Paragraph dieser Bedingungen nichtig werden oder sein, so bleiben die anderen Paragraphen im \u00dcbrigen wirksam.<\/p>\t\t\t\t\t\t\t\t<\/div>\n\t\t\t\t<\/div>\n\t\t\t\t\t<\/div>\n\t\t\t\t<\/div>\n\t\t\t\t<\/div>\n\t\t","protected":false},"excerpt":{"rendered":"<p>Allgemeine Gesch\u00e4ftsbedingungen Diese Allgemeinen Gesch\u00e4ftsbedingungen regeln die Gesch\u00e4ftsbeziehung zwischen Pf\u00f6tchencoach, Inhaberin Laura Fiegler, Ort in 94078 Freyung und der Kund:in, die bei Pf\u00f6tchencoach Beratung, Training oder weitere Dienstleistungen in Anspruch nimmt (im Folgenden: Kunde) \u00a71: Vertragsinhalt:Bei dem zwischen Pf\u00f6tchencoach und Kunde abgeschlossenen Vertrag handelt es sich um einen Dienstleistungsvertrag mit dem Ziel, dem Kunden bestimmte [&hellip;]<\/p>\n","protected":false},"author":1,"featured_media":0,"parent":0,"menu_order":0,"comment_status":"closed","ping_status":"closed","template":"","meta":{"footnotes":""},"class_list":["post-40","page","type-page","status-publish","hentry"],"_links":{"self":[{"href":"https:\/\/pfoetchencoach.de\/index.php\/wp-json\/wp\/v2\/pages\/40","targetHints":{"allow":["GET"]}}],"collection":[{"href":"https:\/\/pfoetchencoach.de\/index.php\/wp-json\/wp\/v2\/pages"}],"about":[{"href":"https:\/\/pfoetchencoach.de\/index.php\/wp-json\/wp\/v2\/types\/page"}],"author":[{"embeddable":true,"href":"https:\/\/pfoetchencoach.de\/index.php\/wp-json\/wp\/v2\/users\/1"}],"replies":[{"embeddable":true,"href":"https:\/\/pfoetchencoach.de\/index.php\/wp-json\/wp\/v2\/comments?post=40"}],"version-history":[{"count":10,"href":"https:\/\/pfoetchencoach.de\/index.php\/wp-json\/wp\/v2\/pages\/40\/revisions"}],"predecessor-version":[{"id":612,"href":"https:\/\/pfoetchencoach.de\/index.php\/wp-json\/wp\/v2\/pages\/40\/revisions\/612"}],"wp:attachment":[{"href":"https:\/\/pfoetchencoach.de\/index.php\/wp-json\/wp\/v2\/media?parent=40"}],"curies":[{"name":"wp","href":"https:\/\/api.w.org\/{rel}","templated":true}]}}